{"id":781,"date":"2019-12-04T15:22:51","date_gmt":"2019-12-04T15:22:51","guid":{"rendered":"http:\/\/revistarapallo.com\/?page_id=781"},"modified":"2025-05-21T19:26:23","modified_gmt":"2025-05-21T19:26:23","slug":"r5","status":"publish","type":"page","link":"https:\/\/revistarapallo.com\/index.php\/r5\/","title":{"rendered":"R5"},"content":{"rendered":"<h2><strong>\u00cdNDICE<\/strong><\/h2>\n<h2><strong>POEMAS<\/strong><\/h2>\n<p style=\"padding-left: 40px;\"><strong>Nicol\u00e1s Ricci &#8211;<\/strong>\u00a0<i>Fallas de origen\u00a0<\/i><\/p>\n<p style=\"padding-left: 100px;\"><strong>Zaina Alsous &#8211;<\/strong>\u00a0<i>Una teor\u00eda de los p\u00e1jaros <\/i>(traducci\u00f3n: Emilio Jurado Na\u00f3n)<\/p>\n<p style=\"padding-left: 30px;\"><strong>Victoria C\u00f3ccaro &#8211;<\/strong>\u00a0<i>Decir <\/i>(selecci\u00f3n)<\/p>\n<p>&nbsp;<\/p>\n<h2><strong>JOS\u00c9 ROBERTO DUQUE<\/strong><\/h2>\n<p style=\"padding-left: 150px;\"><strong><a href=\"https:\/\/revistarapallo.com\/2019\/12\/16\/r5-ese-asunto-fragmentario-y-un-poco-misterioso-entrevista-a-jose-roberto-duque\/\" target=\"_blank\" rel=\"noopener noreferrer\">ENTREVISTA \u201cEse asunto fragmentario y un poco misterioso\u201d<\/a><\/strong><\/p>\n<p style=\"padding-left: 60px;\"><strong>Selecci\u00f3n de <em>Salsa y control<\/em><\/strong><\/p>\n<p style=\"padding-left: 130px;\"><strong>Todo mapa bonito es sospechoso<\/strong>, de Jos\u00e9 Roberto Duque<\/p>\n<p>&nbsp;<\/p>\n<h2><strong>KAMAU BRATHWAITE<\/strong><\/h2>\n<p style=\"padding-left: 260px;\"><strong><a href=\"https:\/\/drive.google.com\/file\/d\/1Tb1YxQSQEen_waBv8oz8swousff0SpEC\/view?usp=sharing\" target=\"_blank\" rel=\"noopener noreferrer\">PRESENTACI\u00d3N &#8220;Ritmos de pasaje&#8221;<\/a><\/strong>, de Facundo Ruiz<\/p>\n<p style=\"padding-left: 160px;\"><strong>Selecci\u00f3n de poemas <\/strong>Traducci\u00f3n de Karina Cicero<\/p>\n<p>&nbsp;<\/p>\n<h2><strong>ENSAYOS<\/strong><\/h2>\n<p style=\"padding-left: 20px;\"><strong>2 veces dej\u00e9 de fumar sin querer y luego volv\u00ed, 1 vez empec\u00e9 a leer chicas sin querer y fue para siempre<\/strong>, de Erea Fern\u00e1ndez<\/p>\n<p style=\"padding-left: 150px;\"><strong>La sinceridad de la industria y la industria de la sinceridad<\/strong>, de Claudio Iglesias<\/p>\n<p style=\"padding-left: 260px;\"><strong><a href=\"https:\/\/revistarapallo.com\/2020\/04\/02\/r5-la-piel-del-planeta\/\" target=\"_blank\" rel=\"noopener noreferrer\">La piel del planeta<\/a><\/strong>, de Miguel \u00c1ngel Mart\u00ednez Garc\u00eda<\/p>\n<p style=\"padding-left: 160px;\"><strong>En el <em>common<\/em><\/strong>, de Laura Petrecca<\/p>\n<p>&nbsp;<\/p>\n<p>&nbsp;<\/p>\n<p>Dibujo de tapa: <a href=\"http:\/\/linodivas.com\/\" target=\"_blank\" rel=\"noopener noreferrer\">Lino Divas<\/a><\/p>\n<p>Arte y dise\u00f1o: Matilde Oliveros (<a href=\"http:\/\/www.27pulqui.com.ar\/\" target=\"_blank\" rel=\"noopener noreferrer\">27 Pulqui Ediciones<\/a>)<\/p>\n\n\n<figure class=\"wp-block-image size-large\"><img loading=\"lazy\" decoding=\"async\" width=\"953\" height=\"1024\" src=\"https:\/\/revistarapallo.com\/wp-content\/uploads\/2025\/05\/Cubierta-R5-953x1024.jpg\" alt=\"\" class=\"wp-image-1446\" srcset=\"https:\/\/revistarapallo.com\/wp-content\/uploads\/2025\/05\/Cubierta-R5-953x1024.jpg 953w, https:\/\/revistarapallo.com\/wp-content\/uploads\/2025\/05\/Cubierta-R5-830x892.jpg 830w, https:\/\/revistarapallo.com\/wp-content\/uploads\/2025\/05\/Cubierta-R5-894x960.jpg 894w, https:\/\/revistarapallo.com\/wp-content\/uploads\/2025\/05\/Cubierta-R5-279x300.jpg 279w, https:\/\/revistarapallo.com\/wp-content\/uploads\/2025\/05\/Cubierta-R5-768x825.jpg 768w, https:\/\/revistarapallo.com\/wp-content\/uploads\/2025\/05\/Cubierta-R5-1430x1536.jpg 1430w, https:\/\/revistarapallo.com\/wp-content\/uploads\/2025\/05\/Cubierta-R5-1907x2048.jpg 1907w, https:\/\/revistarapallo.com\/wp-content\/uploads\/2025\/05\/Cubierta-R5-700x752.jpg 700w, https:\/\/revistarapallo.com\/wp-content\/uploads\/2025\/05\/Cubierta-R5-372x400.jpg 372w, https:\/\/revistarapallo.com\/wp-content\/uploads\/2025\/05\/Cubierta-R5.jpg 1996w\" sizes=\"auto, (max-width: 953px) 100vw, 953px\" \/><\/figure>\n","protected":false},"excerpt":{"rendered":"<p>\u00cdNDICE POEMAS Nicol\u00e1s Ricci &#8211;\u00a0Fallas de origen\u00a0 Zaina Alsous &#8211;\u00a0Una teor\u00eda de los p\u00e1jaros (traducci\u00f3n: Emilio Jurado Na\u00f3n) Victoria C\u00f3ccaro &#8211;\u00a0Decir (selecci\u00f3n) &nbsp; JOS\u00c9 ROBERTO DUQUE ENTREVISTA \u201cEse asunto fragmentario y un poco misterioso\u201d Selecci\u00f3n de Salsa y control Todo mapa bonito es sospechoso, de Jos\u00e9 Roberto Duque &nbsp; KAMAU BRATHWAITE PRESENTACI\u00d3N &#8220;Ritmos de pasaje&#8221;, &hellip; <a href=\"https:\/\/revistarapallo.com\/index.php\/r5\/\" class=\"more-link\">Continue reading <span class=\"screen-reader-text\">R5<\/span> <span class=\"meta-nav\">&rarr;<\/span><\/a><\/p>\n","protected":false},"author":1,"featured_media":0,"parent":0,"menu_order":0,"comment_status":"closed","ping_status":"closed","template":"","meta":{"footnotes":""},"class_list":["post-781","page","type-page","status-publish","hentry"],"_links":{"self":[{"href":"https:\/\/revistarapallo.com\/index.php\/wp-json\/wp\/v2\/pages\/781","targetHints":{"allow":["GET"]}}],"collection":[{"href":"https:\/\/revistarapallo.com\/index.php\/wp-json\/wp\/v2\/pages"}],"about":[{"href":"https:\/\/revistarapallo.com\/index.php\/wp-json\/wp\/v2\/types\/page"}],"author":[{"embeddable":true,"href":"https:\/\/revistarapallo.com\/index.php\/wp-json\/wp\/v2\/users\/1"}],"replies":[{"embeddable":true,"href":"https:\/\/revistarapallo.com\/index.php\/wp-json\/wp\/v2\/comments?post=781"}],"version-history":[{"count":1,"href":"https:\/\/revistarapallo.com\/index.php\/wp-json\/wp\/v2\/pages\/781\/revisions"}],"predecessor-version":[{"id":1447,"href":"https:\/\/revistarapallo.com\/index.php\/wp-json\/wp\/v2\/pages\/781\/revisions\/1447"}],"wp:attachment":[{"href":"https:\/\/revistarapallo.com\/index.php\/wp-json\/wp\/v2\/media?parent=781"}],"curies":[{"name":"wp","href":"https:\/\/api.w.org\/{rel}","templated":true}]}}