{"id":698,"date":"2019-06-10T16:32:27","date_gmt":"2019-06-10T16:32:27","guid":{"rendered":"http:\/\/revistarapallo.com\/?page_id=698"},"modified":"2025-05-21T19:25:58","modified_gmt":"2025-05-21T19:25:58","slug":"r4","status":"publish","type":"page","link":"https:\/\/revistarapallo.com\/index.php\/r4\/","title":{"rendered":"R4"},"content":{"rendered":"\n<h2 class=\"wp-block-heading\"><strong>\u00cdNDICE<\/strong><\/h2>\n\n\n\n<h2 class=\"wp-block-heading\"><strong>POEMAS<\/strong><\/h2>\n\n\n\n<p><strong>Luis San Mart\u00edn &#8211;<\/strong> <em>Plaza de armas<\/em> (selecci\u00f3n)<\/p>\n\n\n\n<p><strong>Didier Bourda &#8211;<\/strong> <em>Galer\u00eda monta\u00f1osa<\/em> (selecci\u00f3n y traducci\u00f3n: Oscar Cruz)<\/p>\n\n\n\n<p><strong>Javier L. Mora &#8211;<\/strong>&nbsp;<em>Ablandar una lengua (cr\u00f3nica&nbsp;horizontal)<\/em> (selecci\u00f3n)<\/p>\n\n\n\n<h2 class=\"wp-block-heading\"><strong>CARMEN BERENGUER<\/strong><\/h2>\n\n\n\n<p><strong><a href=\"https:\/\/drive.google.com\/file\/d\/1teje48-ZHHMb4EcEs8gFznQ3gONALlNE\/view?usp=sharing\">ENTREVISTA \u201cEsa po\u00e9tica de una construcci\u00f3n hechiza\u201d<\/a><\/strong><\/p>\n\n\n\n<p><strong><a href=\"https:\/\/drive.google.com\/file\/d\/1teje48-ZHHMb4EcEs8gFznQ3gONALlNE\/view?usp=sharing\">Selecci\u00f3n de poemas e in\u00e9ditos<\/a><\/strong><\/p>\n\n\n\n<p><strong><a href=\"https:\/\/drive.google.com\/file\/d\/1teje48-ZHHMb4EcEs8gFznQ3gONALlNE\/view?usp=sharing\">\u201cEl Taller 81 y Mariana Callejas ronda en la SECH\u201d<\/a><\/strong>, de Carmen Berenguer<\/p>\n\n\n\n<h2 class=\"wp-block-heading\"><strong>VER\u00d3NICA VIOLA FISHER<\/strong><\/h2>\n\n\n\n<p><strong><a href=\"https:\/\/drive.google.com\/file\/d\/1a3KND6fHsLOyWm79Yb1HHL7SrLOSUvNV\/view?usp=sharing\">PRESENTACI\u00d3N &#8220;Notas para un decodificador&#8221;<\/a><\/strong>, de Emilio Jurado Na\u00f3n<\/p>\n\n\n\n<p><strong>Selecci\u00f3n de poemas e in\u00e9ditos<\/strong><\/p>\n\n\n\n<h2 class=\"wp-block-heading\"><strong>ENSAYOS<\/strong><\/h2>\n\n\n\n<p><strong>&#8220;Lengua Am\u00e9rica&#8221;<\/strong>, de Facundo Ruiz<\/p>\n\n\n\n<p><strong>&#8220;Infinita reducci\u00f3n&#8221;<\/strong>, Irina Garbatzky<\/p>\n\n\n\n<p><strong>&#8220;El m\u00e1s duro de los metales blandos&#8221;<\/strong>, Mat\u00edas Capelli<\/p>\n\n\n<div class=\"wp-block-image\">\n<figure class=\"aligncenter size-large\"><img loading=\"lazy\" decoding=\"async\" width=\"953\" height=\"1024\" src=\"https:\/\/revistarapallo.com\/wp-content\/uploads\/2025\/05\/Cubierta-R4-953x1024.jpg\" alt=\"\" class=\"wp-image-1444\" srcset=\"https:\/\/revistarapallo.com\/wp-content\/uploads\/2025\/05\/Cubierta-R4-953x1024.jpg 953w, https:\/\/revistarapallo.com\/wp-content\/uploads\/2025\/05\/Cubierta-R4-830x892.jpg 830w, https:\/\/revistarapallo.com\/wp-content\/uploads\/2025\/05\/Cubierta-R4-894x960.jpg 894w, https:\/\/revistarapallo.com\/wp-content\/uploads\/2025\/05\/Cubierta-R4-279x300.jpg 279w, https:\/\/revistarapallo.com\/wp-content\/uploads\/2025\/05\/Cubierta-R4-768x825.jpg 768w, https:\/\/revistarapallo.com\/wp-content\/uploads\/2025\/05\/Cubierta-R4-1430x1536.jpg 1430w, https:\/\/revistarapallo.com\/wp-content\/uploads\/2025\/05\/Cubierta-R4-1907x2048.jpg 1907w, https:\/\/revistarapallo.com\/wp-content\/uploads\/2025\/05\/Cubierta-R4-700x752.jpg 700w, https:\/\/revistarapallo.com\/wp-content\/uploads\/2025\/05\/Cubierta-R4-372x400.jpg 372w, https:\/\/revistarapallo.com\/wp-content\/uploads\/2025\/05\/Cubierta-R4.jpg 1996w\" sizes=\"auto, (max-width: 953px) 100vw, 953px\" \/><\/figure><\/div>\n\n\n<p>Dibujo de tapa: <a href=\"http:\/\/linodivas.com\/\" target=\"_blank\" rel=\"noopener noreferrer\">Lino Divas<\/a><\/p>\n\n\n\n<p>Arte y dise\u00f1o: Matilde Oliveros (<a href=\"http:\/\/www.27pulqui.com.ar\/\" target=\"_blank\" rel=\"noopener noreferrer\">27 Pulqui Ediciones<\/a>)<\/p>\n","protected":false},"excerpt":{"rendered":"<p>\u00cdNDICE POEMAS Luis San Mart\u00edn &#8211; Plaza de armas (selecci\u00f3n) Didier Bourda &#8211; Galer\u00eda monta\u00f1osa (selecci\u00f3n y traducci\u00f3n: Oscar Cruz) Javier L. Mora &#8211;&nbsp;Ablandar una lengua (cr\u00f3nica&nbsp;horizontal) (selecci\u00f3n) CARMEN BERENGUER ENTREVISTA \u201cEsa po\u00e9tica de una construcci\u00f3n hechiza\u201d Selecci\u00f3n de poemas e in\u00e9ditos \u201cEl Taller 81 y Mariana Callejas ronda en la SECH\u201d, de Carmen Berenguer &hellip; <a href=\"https:\/\/revistarapallo.com\/index.php\/r4\/\" class=\"more-link\">Continue reading <span class=\"screen-reader-text\">R4<\/span> <span class=\"meta-nav\">&rarr;<\/span><\/a><\/p>\n","protected":false},"author":1,"featured_media":0,"parent":0,"menu_order":0,"comment_status":"closed","ping_status":"closed","template":"","meta":{"footnotes":""},"class_list":["post-698","page","type-page","status-publish","hentry"],"_links":{"self":[{"href":"https:\/\/revistarapallo.com\/index.php\/wp-json\/wp\/v2\/pages\/698","targetHints":{"allow":["GET"]}}],"collection":[{"href":"https:\/\/revistarapallo.com\/index.php\/wp-json\/wp\/v2\/pages"}],"about":[{"href":"https:\/\/revistarapallo.com\/index.php\/wp-json\/wp\/v2\/types\/page"}],"author":[{"embeddable":true,"href":"https:\/\/revistarapallo.com\/index.php\/wp-json\/wp\/v2\/users\/1"}],"replies":[{"embeddable":true,"href":"https:\/\/revistarapallo.com\/index.php\/wp-json\/wp\/v2\/comments?post=698"}],"version-history":[{"count":3,"href":"https:\/\/revistarapallo.com\/index.php\/wp-json\/wp\/v2\/pages\/698\/revisions"}],"predecessor-version":[{"id":1445,"href":"https:\/\/revistarapallo.com\/index.php\/wp-json\/wp\/v2\/pages\/698\/revisions\/1445"}],"wp:attachment":[{"href":"https:\/\/revistarapallo.com\/index.php\/wp-json\/wp\/v2\/media?parent=698"}],"curies":[{"name":"wp","href":"https:\/\/api.w.org\/{rel}","templated":true}]}}