{"id":1098,"date":"2020-12-01T12:26:07","date_gmt":"2020-12-01T15:26:07","guid":{"rendered":"http:\/\/revistarapallo.com\/?page_id=1098"},"modified":"2025-05-21T19:28:57","modified_gmt":"2025-05-21T19:28:57","slug":"r6","status":"publish","type":"page","link":"https:\/\/revistarapallo.com\/index.php\/r6\/","title":{"rendered":"R6"},"content":{"rendered":"\n<h2 class=\"wp-block-heading\">\u00cdNDICE<\/h2>\n\n\n\n<h3 class=\"wp-block-heading\"><strong>POEMAS<\/strong><\/h3>\n\n\n\n<p class=\"has-vivid-red-color has-text-color\"><a href=\"https:\/\/revistarapallo.com\/2020\/09\/21\/fallo-del-jurado-i-premio-rapallo-de-poesia-2020\/\"><em><strong>PRESENTACI\u00d3N <\/strong><\/em>I Premio Rapallo de Poes\u00eda 2020 <\/a><\/p>\n\n\n\n<p class=\"has-black-color has-text-color\"><em><strong>Maples<\/strong><\/em>, de Manuel P\u00e9rez<br><em><strong>Aventuras de BitBot, Aman y Ll\u00e1<\/strong><\/em>, de Amparo Arr\u00f3spide<br><em><strong>Nadar en pedazos<\/strong><\/em>, de Martha Luisa Hern\u00e1ndez Cadenas<br><em><strong>Terapia con animales<\/strong><\/em>, de Daniela Ema Aguinsky <\/p>\n\n\n\n<h3 class=\"wp-block-heading\"><strong>TRADUCCI\u00d3N<\/strong><\/h3>\n\n\n\n<p class=\"has-black-color has-text-color\"><strong>Poemas de Marwa Helal <\/strong>(Traducci\u00f3n de Karina Roc\u00edo Cicero y Emilio Jurado Na\u00f3n)<\/p>\n\n\n\n<p class=\"has-vivid-red-color has-text-color\"><a rel=\"noreferrer noopener\" href=\"https:\/\/drive.google.com\/file\/d\/15BxzhSauDb9GE-SA5hptcmNSO16Ataqe\/view?usp=share_link\" target=\"_blank\"><em><strong>ENTREVISTA <\/strong><\/em>con Marwa Helal<\/a><\/p>\n\n\n\n<h3 class=\"wp-block-heading\"><strong>DAR\u00cdO CANTON<\/strong><\/h3>\n\n\n\n<p><strong><em>ENTREVISTA <\/em><\/strong>\u201cEl ideal de todo autor, supongo, es multiplicar al infinito su obra\u201d<br><strong>Un lugar acantonado. Memorias manuales para recorridos a ojo<\/strong><\/p>\n\n\n\n<h3 class=\"wp-block-heading\"><strong>MART\u00cdN AD\u00c1N<\/strong><\/h3>\n\n\n\n<p class=\"has-vivid-red-color has-text-color\"><a rel=\"noreferrer noopener\" href=\"https:\/\/drive.google.com\/file\/d\/1iVQeOXZcW1I_iRAjZva5NJYx0T5CnPIx\/view?usp=share_link\" target=\"_blank\"><strong>PRESENTACI\u00d3N Rastros de carm\u00edn para volver al futuro <\/strong>\u2013 Facundo Ruiz<\/a><\/p>\n\n\n\n<p class=\"has-black-color has-text-color\"><strong>Fragmentos de <em>Aloysius Acker<\/em><\/strong>, de Mart\u00edn Ad\u00e1n<\/p>\n\n\n\n<h3 class=\"wp-block-heading\"><strong>ENSAYOS<\/strong><\/h3>\n\n\n\n<p><strong>Paradiso: la poes\u00eda quiere ser social &#8211; <\/strong>Laura Jaramillo y &nbsp;Marta N\u00fa\u00f1ez Pouzols<br><strong>La insoportable levedad de estar lejos &#8211;<\/strong> Merc\u00e9desz Kutasy <br><strong>Pelaje &#8211;<\/strong> Tania Puente<br><strong>El hogar en la mochila &#8211;<\/strong> Sebasti\u00e1n Kohan Esquenazi<\/p>\n\n\n\n<figure class=\"wp-block-image size-large\"><img loading=\"lazy\" decoding=\"async\" width=\"953\" height=\"1024\" src=\"https:\/\/revistarapallo.com\/wp-content\/uploads\/2025\/05\/Cubierta-R6-953x1024.jpg\" alt=\"\" class=\"wp-image-1454\" srcset=\"https:\/\/revistarapallo.com\/wp-content\/uploads\/2025\/05\/Cubierta-R6-953x1024.jpg 953w, https:\/\/revistarapallo.com\/wp-content\/uploads\/2025\/05\/Cubierta-R6-830x892.jpg 830w, https:\/\/revistarapallo.com\/wp-content\/uploads\/2025\/05\/Cubierta-R6-894x960.jpg 894w, https:\/\/revistarapallo.com\/wp-content\/uploads\/2025\/05\/Cubierta-R6-279x300.jpg 279w, https:\/\/revistarapallo.com\/wp-content\/uploads\/2025\/05\/Cubierta-R6-768x825.jpg 768w, https:\/\/revistarapallo.com\/wp-content\/uploads\/2025\/05\/Cubierta-R6-1430x1536.jpg 1430w, https:\/\/revistarapallo.com\/wp-content\/uploads\/2025\/05\/Cubierta-R6-1907x2048.jpg 1907w, https:\/\/revistarapallo.com\/wp-content\/uploads\/2025\/05\/Cubierta-R6-700x752.jpg 700w, https:\/\/revistarapallo.com\/wp-content\/uploads\/2025\/05\/Cubierta-R6-372x400.jpg 372w, https:\/\/revistarapallo.com\/wp-content\/uploads\/2025\/05\/Cubierta-R6.jpg 1996w\" sizes=\"auto, (max-width: 953px) 100vw, 953px\" \/><figcaption class=\"wp-element-caption\">Tapa Rapallo n6<\/figcaption><\/figure>\n\n\n\n<p>Dibujo de tapa:&nbsp;<a href=\"http:\/\/linodivas.com\/\" target=\"_blank\" rel=\"noreferrer noopener\">Lino Divas<\/a><\/p>\n\n\n\n<p>Arte y dise\u00f1o: Matilde Oliveros (<a href=\"http:\/\/www.27pulqui.com.ar\/\" target=\"_blank\" rel=\"noreferrer noopener\">27 Pulqui Ediciones<\/a>)<\/p>\n","protected":false},"excerpt":{"rendered":"<p>\u00cdNDICE POEMAS PRESENTACI\u00d3N I Premio Rapallo de Poes\u00eda 2020 Maples, de Manuel P\u00e9rezAventuras de BitBot, Aman y Ll\u00e1, de Amparo Arr\u00f3spideNadar en pedazos, de Martha Luisa Hern\u00e1ndez CadenasTerapia con animales, de Daniela Ema Aguinsky TRADUCCI\u00d3N Poemas de Marwa Helal (Traducci\u00f3n de Karina Roc\u00edo Cicero y Emilio Jurado Na\u00f3n) ENTREVISTA con Marwa Helal DAR\u00cdO CANTON ENTREVISTA &hellip; <a href=\"https:\/\/revistarapallo.com\/index.php\/r6\/\" class=\"more-link\">Continue reading <span class=\"screen-reader-text\">R6<\/span> <span class=\"meta-nav\">&rarr;<\/span><\/a><\/p>\n","protected":false},"author":1,"featured_media":1104,"parent":0,"menu_order":0,"comment_status":"closed","ping_status":"closed","template":"","meta":{"footnotes":""},"class_list":["post-1098","page","type-page","status-publish","has-post-thumbnail","hentry"],"_links":{"self":[{"href":"https:\/\/revistarapallo.com\/index.php\/wp-json\/wp\/v2\/pages\/1098","targetHints":{"allow":["GET"]}}],"collection":[{"href":"https:\/\/revistarapallo.com\/index.php\/wp-json\/wp\/v2\/pages"}],"about":[{"href":"https:\/\/revistarapallo.com\/index.php\/wp-json\/wp\/v2\/types\/page"}],"author":[{"embeddable":true,"href":"https:\/\/revistarapallo.com\/index.php\/wp-json\/wp\/v2\/users\/1"}],"replies":[{"embeddable":true,"href":"https:\/\/revistarapallo.com\/index.php\/wp-json\/wp\/v2\/comments?post=1098"}],"version-history":[{"count":3,"href":"https:\/\/revistarapallo.com\/index.php\/wp-json\/wp\/v2\/pages\/1098\/revisions"}],"predecessor-version":[{"id":1455,"href":"https:\/\/revistarapallo.com\/index.php\/wp-json\/wp\/v2\/pages\/1098\/revisions\/1455"}],"wp:featuredmedia":[{"embeddable":true,"href":"https:\/\/revistarapallo.com\/index.php\/wp-json\/wp\/v2\/media\/1104"}],"wp:attachment":[{"href":"https:\/\/revistarapallo.com\/index.php\/wp-json\/wp\/v2\/media?parent=1098"}],"curies":[{"name":"wp","href":"https:\/\/api.w.org\/{rel}","templated":true}]}}